{"id":22177,"date":"2024-07-18T16:49:05","date_gmt":"2024-07-18T19:49:05","guid":{"rendered":"https:\/\/sellounico.cl\/web\/producto\/macetero-puyehue\/"},"modified":"2026-02-24T17:44:24","modified_gmt":"2026-02-24T20:44:24","slug":"macetero-puyehue","status":"publish","type":"product","link":"https:\/\/sellounico.cl\/sitio\/producto\/macetero-puyehue\/","title":{"rendered":"Macetero Rupanco S"},"content":{"rendered":"<h5>Un acento de dise\u00f1o natural para tus espacios<\/h5>\n<p><span style=\"font-weight: 400;\">El <\/span><b>Macetero Rupanco<\/b><span style=\"font-weight: 400;\"> est\u00e1 fabricado en <\/span><b>fierro con terminaci\u00f3n \u00f3xido<\/b><span style=\"font-weight: 400;\">, lo que le entrega una est\u00e9tica robusta y elegante a la vez. Su superficie va sellada con <\/span><b>barniz poliuretano<\/b><span style=\"font-weight: 400;\">, asegurando protecci\u00f3n frente a la humedad y conservando el car\u00e1cter del metal al paso del tiempo.<\/span><\/p>\n<p><span style=\"font-weight: 400;\">Cuenta con <\/span><b>perforaciones en la base para filtraci\u00f3n<\/b><span style=\"font-weight: 400;\">, permitiendo el uso directo con plantas y tierra. Tambi\u00e9n puede utilizarse <\/span><b>sin plantas<\/b><span style=\"font-weight: 400;\"> como elemento decorativo independiente, sumando textura y personalidad a terrazas, patios o interiores.<\/span><\/p>\n<p><span style=\"font-weight: 400;\">Ideal para quienes buscan integrar dise\u00f1o, durabilidad y funcionalidad en un solo objeto.<\/span><\/p>\n<h5>Medidas<\/h5>\n<p><span style=\"font-weight: 400;\">Di\u00e1metro 40 cm \/ Alto 45 cm<\/span><\/p>\n<p><em><span style=\"font-weight: 400;\">&#8220;Inspirado en la nobleza del metal y los paisajes del sur, el Macetero Rupanco celebra la sencillez de los materiales honestos que visten los espacios con fuerza y estilo propio.&#8221;<\/span><\/em><\/p>\n<h5>\ud83c\udde8\ud83c\uddf1 Hecho en Chile, con Sello de Calidad<\/h5>\n<p>En\u00a0<b>Sello \u00danico<\/b>\u00a0dise\u00f1amos y fabricamos cada producto en Chile, cuidando cada detalle, utilizando materiales de alta calidad y con una mirada puesta en la funcionalidad y la est\u00e9tica. Nuestro objetivo es crear piezas duraderas, con car\u00e1cter, que representen lo mejor del dise\u00f1o nacional.<\/p>\n","protected":false},"excerpt":{"rendered":"<p><span style=\"font-weight: 400;\">Macetero de fierro con terminaci\u00f3n \u00f3xido y barniz poliuretano. Con perforaciones para filtrado. Ideal para plantas o como pieza decorativa. Hecho en Chile.<\/span><\/p>\n","protected":false},"featured_media":28937,"template":"","meta":[],"product_brand":[],"product_cat":[117,520],"product_tag":[119,120,121,122,123,125,209,126,150,127,128,151,129,130,131,132,133,134,135,136,137,138,139,140,164,210,211,212,213,214,141,215,216,217,218,142],"class_list":{"0":"post-22177","1":"product","2":"type-product","3":"status-publish","4":"has-post-thumbnail","6":"product_cat-decoracion","7":"product_cat-maceteros","8":"product_tag-art","9":"product_tag-arte","10":"product_tag-boho","11":"product_tag-bohochick","12":"product_tag-bohostyle","13":"product_tag-deco","14":"product_tag-deco-hogar","15":"product_tag-deco-ideas","16":"product_tag-deco-jardin","17":"product_tag-decor","18":"product_tag-decoracion","19":"product_tag-decoracion-exterior","20":"product_tag-decoracion-interiores","21":"product_tag-decoration","22":"product_tag-desing","23":"product_tag-diseno","24":"product_tag-diseno-excluisivo","25":"product_tag-diseno-interior","26":"product_tag-diseno-unico","27":"product_tag-escultura","28":"product_tag-esculturas","29":"product_tag-exterior-desing","30":"product_tag-hecho-a-mano","31":"product_tag-interior-desing","32":"product_tag-jardin","33":"product_tag-macetero","34":"product_tag-macetero-en-oxido","35":"product_tag-macetero-oxidado","36":"product_tag-maceteros","37":"product_tag-maceteros-oxidados","38":"product_tag-madera-nativa","39":"product_tag-oxidado","40":"product_tag-oxido","41":"product_tag-patio","42":"product_tag-plantas","43":"product_tag-sello-unico","45":"first","46":"instock","47":"purchasable","48":"product-type-simple"},"_links":{"self":[{"href":"https:\/\/sellounico.cl\/sitio\/wp-json\/wp\/v2\/product\/22177","targetHints":{"allow":["GET"]}}],"collection":[{"href":"https:\/\/sellounico.cl\/sitio\/wp-json\/wp\/v2\/product"}],"about":[{"href":"https:\/\/sellounico.cl\/sitio\/wp-json\/wp\/v2\/types\/product"}],"wp:featuredmedia":[{"embeddable":true,"href":"https:\/\/sellounico.cl\/sitio\/wp-json\/wp\/v2\/media\/28937"}],"wp:attachment":[{"href":"https:\/\/sellounico.cl\/sitio\/wp-json\/wp\/v2\/media?parent=22177"}],"wp:term":[{"taxonomy":"product_brand","embeddable":true,"href":"https:\/\/sellounico.cl\/sitio\/wp-json\/wp\/v2\/product_brand?post=22177"},{"taxonomy":"product_cat","embeddable":true,"href":"https:\/\/sellounico.cl\/sitio\/wp-json\/wp\/v2\/product_cat?post=22177"},{"taxonomy":"product_tag","embeddable":true,"href":"https:\/\/sellounico.cl\/sitio\/wp-json\/wp\/v2\/product_tag?post=22177"}],"curies":[{"name":"wp","href":"https:\/\/api.w.org\/{rel}","templated":true}]}}