{"id":24462,"date":"2024-11-11T10:27:36","date_gmt":"2024-11-11T13:27:36","guid":{"rendered":"https:\/\/sellounico.cl\/sitio\/?post_type=product&#038;p=24462"},"modified":"2026-02-24T17:55:16","modified_gmt":"2026-02-24T20:55:16","slug":"parrilla-cochrane","status":"publish","type":"product","link":"https:\/\/sellounico.cl\/sitio\/producto\/parrilla-cochrane\/","title":{"rendered":"Parrilla Cochrane Full"},"content":{"rendered":"<h5><b>Versatilidad y resistencia para cocinar al fuego<\/b><\/h5>\n<p><span style=\"font-weight: 400;\">La <\/span><b>Parrilla Cochrane<\/b><span style=\"font-weight: 400;\"> es un fog\u00f3n parrillero dise\u00f1ado para quienes disfrutan cocinar al aire libre con car\u00e1cter y eficiencia. Su estructura est\u00e1 fabricada en planchas de acero de 4 mm, lo que asegura durabilidad y resistencia en cada uso.<\/span><\/p>\n<p><span style=\"font-weight: 400;\">De car\u00e1cter desmontable, sus patas se pueden retirar f\u00e1cilmente para transportarla a donde quieras, haciendo de esta parrilla una compa\u00f1era pr\u00e1ctica para quinchos, jardines o escapadas.<\/span><\/p>\n<p><span style=\"font-weight: 400;\">Pensada para m\u00faltiples preparaciones, incluye una completa gama de accesorios que permiten cocinar con libertad y precisi\u00f3n:<\/span><\/p>\n<p><b>Incluye:<\/b><\/p>\n<ul>\n<li><span style=\"font-weight: 400;\">Dos rejillas de parrilla<\/span><\/li>\n<li><span style=\"font-weight: 400;\">Plancha de acero inoxidable<\/span><\/li>\n<li><span style=\"font-weight: 400;\">Asador Libro de acero inoxidable<\/span><\/li>\n<li><span style=\"font-weight: 400;\">Atizador y pala<\/span><\/li>\n<\/ul>\n<p><b>Medidas Parrilla:<\/b><\/p>\n<p>95 cm de di\u00e1metro \/ 75 cm de alto<\/p>\n<p><span style=\"font-weight: 400;\">Una opci\u00f3n ideal para quienes valoran el fuego como experiencia y forma de cocinar.<\/span><\/p>\n<p><em><span style=\"font-weight: 400;\">&#8220;Inspirada en la tradici\u00f3n del asado chileno y en la pasi\u00f3n por cocinar con fuego, la Parrilla Cochrane une funcionalidad, dise\u00f1o y resistencia en una sola pieza que acompa\u00f1ar\u00e1 tus mejores encuentros.&#8221;<\/span><\/em><\/p>\n<h5>\ud83c\udde8\ud83c\uddf1 Hecho en Chile, con Sello de Calidad<\/h5>\n<p>En\u00a0<b>Sello \u00danico<\/b>\u00a0dise\u00f1amos y fabricamos cada producto en Chile, cuidando cada detalle, utilizando materiales de alta calidad y con una mirada puesta en la funcionalidad y la est\u00e9tica. Nuestro objetivo es crear piezas duraderas, con car\u00e1cter, que representen lo mejor del dise\u00f1o nacional.<\/p>\n","protected":false},"excerpt":{"rendered":"<p><span style=\"font-weight: 400;\">Fog\u00f3n parrillero desmontable y multifuncional. Fabricado en acero de 4 mm. Incluye accesorios para cocinar con le\u00f1a o carb\u00f3n. Hecho en Chile con materiales de alta resistencia.<\/span><\/p>\n","protected":false},"featured_media":28138,"template":"","meta":[],"product_brand":[],"product_cat":[188,143,389],"product_tag":[189,144,190,191,192,193,194,195,196,197,198,131,132,152,135,158,162,199,139,200,166,167,201,202,203,204,205,206,169,142],"class_list":{"0":"post-24462","1":"product","2":"type-product","3":"status-publish","4":"has-post-thumbnail","6":"product_cat-parrillas-y-asadores","7":"product_cat-fogones","8":"product_cat-ofertas","9":"product_tag-asadero","10":"product_tag-asado","11":"product_tag-asado-a-la-uruguaya","12":"product_tag-asado-al-palo","13":"product_tag-asador","14":"product_tag-asados","15":"product_tag-barbacoa","16":"product_tag-barbecue","17":"product_tag-bbq","18":"product_tag-bracero","19":"product_tag-carbon","20":"product_tag-desing","21":"product_tag-diseno","22":"product_tag-diseno-exclusivo","23":"product_tag-diseno-unico","24":"product_tag-fogon","25":"product_tag-fuego","26":"product_tag-grill","27":"product_tag-hecho-a-mano","28":"product_tag-lenera","29":"product_tag-metal","30":"product_tag-parrilla","31":"product_tag-parrilla-de-carbon","32":"product_tag-parrilla-fierro","33":"product_tag-parrilla-lena","34":"product_tag-parrilladas","35":"product_tag-parrillas","36":"product_tag-parrilleros","37":"product_tag-rustico","38":"product_tag-sello-unico","40":"first","41":"instock","42":"sale","43":"purchasable","44":"product-type-simple"},"_links":{"self":[{"href":"https:\/\/sellounico.cl\/sitio\/wp-json\/wp\/v2\/product\/24462","targetHints":{"allow":["GET"]}}],"collection":[{"href":"https:\/\/sellounico.cl\/sitio\/wp-json\/wp\/v2\/product"}],"about":[{"href":"https:\/\/sellounico.cl\/sitio\/wp-json\/wp\/v2\/types\/product"}],"wp:featuredmedia":[{"embeddable":true,"href":"https:\/\/sellounico.cl\/sitio\/wp-json\/wp\/v2\/media\/28138"}],"wp:attachment":[{"href":"https:\/\/sellounico.cl\/sitio\/wp-json\/wp\/v2\/media?parent=24462"}],"wp:term":[{"taxonomy":"product_brand","embeddable":true,"href":"https:\/\/sellounico.cl\/sitio\/wp-json\/wp\/v2\/product_brand?post=24462"},{"taxonomy":"product_cat","embeddable":true,"href":"https:\/\/sellounico.cl\/sitio\/wp-json\/wp\/v2\/product_cat?post=24462"},{"taxonomy":"product_tag","embeddable":true,"href":"https:\/\/sellounico.cl\/sitio\/wp-json\/wp\/v2\/product_tag?post=24462"}],"curies":[{"name":"wp","href":"https:\/\/api.w.org\/{rel}","templated":true}]}}