{"id":26189,"date":"2025-03-13T17:45:01","date_gmt":"2025-03-13T20:45:01","guid":{"rendered":"https:\/\/sellounico.cl\/sitio\/?post_type=product&#038;p=26189"},"modified":"2026-04-08T13:05:26","modified_gmt":"2026-04-08T16:05:26","slug":"fogon-smokeless-puyehue","status":"publish","type":"product","link":"https:\/\/sellounico.cl\/sitio\/producto\/fogon-smokeless-puyehue\/","title":{"rendered":"Fog\u00f3n Smokeless Puyehue"},"content":{"rendered":"<h5>Fuego, dise\u00f1o y funcionalidad en una sola pieza<\/h5>\n<p><span style=\"font-weight: 400;\">El <\/span><b>Fog\u00f3n Smokeless Puyehue<\/b><span style=\"font-weight: 400;\"> destaca por su dise\u00f1o multifuncional que combina fuego, est\u00e9tica y utilidad. Es un fog\u00f3n, mesa de centro, le\u00f1era y pieza decorativa a la vez. Su estructura robusta est\u00e1 confeccionada en acero al carbono de 4 mm, lo que le entrega una resistencia superior y una larga vida \u00fatil, pensada para acompa\u00f1arte por a\u00f1os.<\/span><\/p>\n<p><span style=\"font-weight: 400;\">Incorpora el sistema Smokeless, que genera una corriente de aire caliente al interior del fog\u00f3n, mejorando el tiraje y generando una combusti\u00f3n m\u00e1s eficiente. El resultado: una llama m\u00e1s intensa con una considerable reducci\u00f3n del humo.<\/span><\/p>\n<p><span style=\"font-weight: 400;\">Su terminaci\u00f3n en pintura electrost\u00e1tica negro mate lo protege frente al calor, rayones y uso prolongado en exteriores, manteniendo su presencia impecable en cualquier tipo de entorno.<\/span><\/p>\n<p><em><span style=\"font-weight: 400;\">&#8220;Inspirado en la versatilidad de la vida al aire libre, el Fog\u00f3n Smokeless Puyehue une dise\u00f1o y funcionalidad en una sola pieza: para reunirse, disfrutar del fuego, y lucirse en cualquier espacio.&#8221;<\/span><\/em><\/p>\n<h5>\ud83c\udde8\ud83c\uddf1 Hecho en Chile, con Sello de Calidad<\/h5>\n<p>En\u00a0<b>Sello \u00danico<\/b>\u00a0dise\u00f1amos y fabricamos cada producto en Chile, cuidando cada detalle, utilizando materiales de alta calidad y con una mirada puesta en la funcionalidad y la est\u00e9tica. Nuestro objetivo es crear piezas duraderas, con car\u00e1cter, que representen lo mejor del dise\u00f1o nacional.<\/p>\n","protected":false},"excerpt":{"rendered":"<p><span style=\"font-weight: 400;\">Fog\u00f3n multifuncional con sistema Smokeless. Tambi\u00e9n funciona como mesa de centro, le\u00f1era y elemento decorativo. Fabricado en acero al carbono de 4 mm, resistente y duradero. Hecho en Chile con pintura electrost\u00e1tica.<\/span><\/p>\n","protected":false},"featured_media":26198,"template":"","meta":[],"product_brand":[],"product_cat":[207,389],"product_tag":[144,145,146,147,148,149,150,151,131,152,153,154,155,156,157,158,159,160,161,162,139,163,164,165,166,167,168,169,142,170,171,172],"class_list":{"0":"post-26189","1":"product","2":"type-product","3":"status-publish","4":"has-post-thumbnail","6":"product_cat-fogonessmokeless","7":"product_cat-ofertas","8":"product_tag-asado","9":"product_tag-brasas","10":"product_tag-brasero","11":"product_tag-braseros","12":"product_tag-calefaccion","13":"product_tag-calor","14":"product_tag-deco-jardin","15":"product_tag-decoracion-exterior","16":"product_tag-desing","17":"product_tag-diseno-exclusivo","18":"product_tag-diseno-exterior","19":"product_tag-disenos-unicos","20":"product_tag-exterior","21":"product_tag-exterior-design","22":"product_tag-fierro","23":"product_tag-fogon","24":"product_tag-fogon-sin-humo","25":"product_tag-fogoneros","26":"product_tag-fogones","27":"product_tag-fuego","28":"product_tag-hecho-a-mano","29":"product_tag-inoxidable","30":"product_tag-jardin","31":"product_tag-lena","32":"product_tag-metal","33":"product_tag-parrilla","34":"product_tag-reduccion-de-humo","35":"product_tag-rustico","36":"product_tag-sello-unico","37":"product_tag-sin-humo","38":"product_tag-smokeless","39":"product_tag-terraza","41":"first","42":"instock","43":"sale","44":"purchasable","45":"product-type-simple"},"_links":{"self":[{"href":"https:\/\/sellounico.cl\/sitio\/wp-json\/wp\/v2\/product\/26189","targetHints":{"allow":["GET"]}}],"collection":[{"href":"https:\/\/sellounico.cl\/sitio\/wp-json\/wp\/v2\/product"}],"about":[{"href":"https:\/\/sellounico.cl\/sitio\/wp-json\/wp\/v2\/types\/product"}],"wp:featuredmedia":[{"embeddable":true,"href":"https:\/\/sellounico.cl\/sitio\/wp-json\/wp\/v2\/media\/26198"}],"wp:attachment":[{"href":"https:\/\/sellounico.cl\/sitio\/wp-json\/wp\/v2\/media?parent=26189"}],"wp:term":[{"taxonomy":"product_brand","embeddable":true,"href":"https:\/\/sellounico.cl\/sitio\/wp-json\/wp\/v2\/product_brand?post=26189"},{"taxonomy":"product_cat","embeddable":true,"href":"https:\/\/sellounico.cl\/sitio\/wp-json\/wp\/v2\/product_cat?post=26189"},{"taxonomy":"product_tag","embeddable":true,"href":"https:\/\/sellounico.cl\/sitio\/wp-json\/wp\/v2\/product_tag?post=26189"}],"curies":[{"name":"wp","href":"https:\/\/api.w.org\/{rel}","templated":true}]}}